What are the prime factors of ((-8)/12)/(n/(-780) - -1)?
2, 5, 13
Let d(k) = -3*k + 6*k - 4*k + 2 + 9. Let o be d(8). Suppose 0 = o*v - 201 + 117. List the prime factors of v.
2, 7
Let r = -234 + 480. Let k = 330 - r. List the prime factors of k.
2, 3, 7
Let d(n) = -674*n + 2242. What are the prime factors of d(-21)?
2, 4099
Let t = 38924 + 24239. List the prime factors of t.
83, 761
Suppose p = 3*v + 5*v + 51693, -v = -3*p + 155125. List the prime factors of p.
7, 83, 89
Let j be (15/(-4))/((-3)/(-12)) - 3. Let l = 30 + j. Suppose 7*x + 250 = l*x. List the prime factors of x.
2, 5
Let w(z) = -10*z**2 + 339*z + 17. What are the prime factors of w(30)?
1187
Suppose 0 = -15*r - 5*r + 93360. Suppose -2729 - r = -13*c. What are the prime factors of c?
569
Suppose -3 = 8*y - 3. Suppose -5*d - 13*d + 720 = y. List the prime factors of d.
2, 5
What are the prime factors of (-46890)/(-26) + 84/(-182)?
3, 601
Let r = 4453 - 982. List the prime factors of r.
3, 13, 89
Let f be (-1)/2 + (-196)/(-8). Suppose -2*p = 3*a + p + 24, -3*a + 5*p = f. Let d = 65 + a. List the prime factors of d.
3, 19
Suppose 0 = -4*w, -z - 3*z - 5*w + 19680 = 0. Suppose -5*g - g = -z. Suppose -4*p - p = -g. What are the prime factors of p?
2, 41
Let x = 1641 + 180. Let r = -1097 + x. What are the prime factors of r?
2, 181
Let d = 5179 - 2353. List the prime factors of d.
2, 3, 157
What are the prime factors of 8205/(-6)*96/(-40)?
2, 3, 547
Suppose 4*g + 34 - 50 = 0. Suppose -4*k + 878 = -142. Suppose k = g*p - 265. List the prime factors of p.
2, 5, 13
Let k = -3396 + 5100. What are the prime factors of k?
2, 3, 71
Let g = 98153 - 56810. What are the prime factors of g?
3, 13781
Let b(y) = y**2 + 48*y + 10. Let d be b(-32). Let p = -342 - d. List the prime factors of p.
2, 5
What are the prime factors of (-4)/(-42) + (-35921054)/(-2121)?
2, 29, 73
Suppose 9*q = 7*q - 4. Let h(y) = y**2 + 2*y + 4. Let x be h(q). List the prime factors of ((-58)/x)/((-26)/52).
29
Let v be (-20 - -11)/(2/(-294)). Suppose 46*q = 37*q + v. List the prime factors of q.
3, 7
Suppose 4*a = 34 + 6. Let c be 1 + a/6 + 4/12. Suppose c*t + 102 = 4*t. List the prime factors of t.
2, 3, 17
Suppose -5*l + 100 = -l - 3*r, -44 = -l - 4*r. Suppose 0 = 40*h - 6252 - l. List the prime factors of h.
157
Suppose 2*q + 5*w - 29248 = 0, -90*w + 12 = -93*w. What are the prime factors of q?
2, 3, 271
Let r = 37 + -40. Let f be r/(-1) + (5 - 36/6). Suppose -5*q + 4*n = -178, -f*q + 4*n + 26 = -q. List the prime factors of q.
2, 19
Suppose -2*i + 3*h = 138, 3*i - 66 = 5*h - 272. Let c be 2/(-4)*i/(-2). List the prime factors of (c/(-4))/(3/54).
3
Let z(h) = h**2 - 15*h + 45. Let o be z(10). Let t be (o + 6)*3*21. Let p = t - 6. List the prime factors of p.
3, 19
Let d(p) be the first derivative of -3*p**3 - 3*p**2/2 + 32. Let g be d(1). Let c(k) = 3*k**2 + 22*k - 34. List the prime factors of c(g).
2, 67
Let f(g) = -199*g + 129. Let s be f(-6). Suppose -28*j + 9135 = s. List the prime factors of j.
3, 31
Let z(h) = h**3 + h**2 - 6*h. Let s be z(4). List the prime factors of (-129)/(-12) + 14/s.
11
Let u = 707 - 121. Suppose -3*j = -h - u, 6*j - 2*h = j + 977. What are the prime factors of j?
3, 5, 13
Suppose 2*j + 38430 = 5*z, 4*z + 38*j - 30744 = 43*j. What are the prime factors of z?
2, 3, 7, 61
Let r(p) = -225*p + 48. Suppose 0 = 31*i - 22*i + 36. What are the prime factors of r(i)?
2, 3, 79
Suppose -1536173 = -174*u + 943947 + 5500564. What are the prime factors of u?
2, 17, 19, 71
Suppose -18*d = -20*d - 260. Let u = 261 + d. List the prime factors of u.
131
Let n(b) = -13*b**3 - 3*b**2 + 24*b - 7. Let m(y) = -3*y**3 - y**2 + 6*y - 1. Let r(o) = -9*m(o) + 2*n(o). What are the prime factors of r(6)?
283
Let t(b) = -19*b**2 + 54*b + 59. Let a(s) = 9*s**2 - 26*s - 29. Let w(i) = 13*a(i) + 6*t(i). What are the prime factors of w(14)?
3, 41
Let u(l) = -651*l - 606. What are the prime factors of u(-8)?
2, 3, 13, 59
Let y(s) = -6*s**3 + 2*s**2 + 108*s + 406. What are the prime factors of y(-4)?
2, 3, 5, 13
Let h = -312 + 312. Suppose -79*d + 67*d + 5148 = h. What are the prime factors of d?
3, 11, 13
Let s = -1984 - -5345. What are the prime factors of s?
3361
Let u = 4844 + -4039. What are the prime factors of u?
5, 7, 23
Suppose -100 = -19*g + 9*g. Suppose 294 = -3*w + g*w. What are the prime factors of w?
2, 3, 7
Let h(j) = j**3 + 41*j**2 + 7. Let m be h(-41). What are the prime factors of 162/(m - (-755)/(-110))?
2, 3, 11
Let p be (-29)/(70/(-100) - (-2)/10). Let i = p - 44. What are the prime factors of i?
2, 7
Let o(k) be the third derivative of k**5/24 + 15*k**4/8 + 2*k**3/3 - 21*k**2. Let s(a) be the first derivative of o(a). List the prime factors of s(7).
2, 5
Suppose -24*g = -232*g + 4586280 - 437720. What are the prime factors of g?
5, 3989
Suppose 0 = 13*f - 17*f + 16. Suppose -s + 0*w = w - 51, 3*s - f*w = 188. List the prime factors of s.
2, 7
Let m = 87 - 39. Suppose m*z = 51*z - 753. Suppose 0*k - 2*o = -k + 92, -z = -3*k + o. List the prime factors of k.
2, 41
Let u(x) = 1821*x - 67. Let k be u(3). Let d = k + -3448. What are the prime factors of d?
2, 487
Suppose 4446 = i + 3*l, 0 = -5*l + 4 - 24. List the prime factors of i.
2, 3, 743
Suppose 10131 = b + 415*v - 412*v, 2*b - 20272 = -4*v. What are the prime factors of b?
2, 3, 19, 89
Let z be (-45)/(-2)*-4 + (7 - 6). Let c = z + 92. What are the prime factors of c?
3
Let h = -138 - -49. Let s be -3 + 0 + 11*-4. Let u = s - h. List the prime factors of u.
2, 3, 7
Let m(u) = -u**2 - 25*u - 137. Let p be m(-16). Suppose 0 = i + p*f - 3*f - 1295, 4*f = -2*i + 2598. What are the prime factors of i?
1303
Let l(s) be the third derivative of -1/2*s**3 + 11/24*s**4 + 0*s + 1/20*s**5 - s**2 + 0. List the prime factors of l(-10).
11, 17
Let r(d) = d**2 - 6*d + 2. Let j be r(7). Suppose j*q + 306 = 11*q. Suppose 2*z - 481 + q = 0. List the prime factors of z.
2, 41
Let h(w) be the first derivative of 8*w**3/3 + 8*w**2 + 26*w - 132. List the prime factors of h(8).
2, 3, 37
Let x be 1/(-2) + 153/6. Let u = x - -3. Let f = 101 - u. What are the prime factors of f?
73
Suppose -2*w - 2 = b, 37*b = 36*b - 2. Suppose -2*y + 2*d + 176 = w, 5*y + d - 472 = -2*d. List the prime factors of y.
2, 23
Suppose 60*o = r + 55*o - 6858, -5*r + 3*o + 34224 = 0. List the prime factors of r.
3, 2281
Suppose -816*v = -826*v + 150. Let a = -7 - -12. Suppose v*n - 1880 = a*n. List the prime factors of n.
2, 47
Suppose 3*y + 3*j - 1641 = 0, -4*y + 8*y - 2*j = 2218. Suppose -3*f = -5*i - 0*f + 920, 3*i - y = 3*f. Suppose 5*z = 171 + i. List the prime factors of z.
71
Let u(p) = -2*p**3 + p**2 + 2*p + 2. Let g be u(-3). Suppose s = -4*b - g, -8 = b - 5*s + 12. Let x = b - -32. What are the prime factors of x?
17
Suppose 3 = -2*x + 7. Let o(w) = -6*w + 12. Let q be o(x). Suppose q = 4*k - a - 165, 2*a + 2*a + 20 = 0. List the prime factors of k.
2, 5
Let f = 668 + 8242. List the prime factors of f.
2, 3, 5, 11
Suppose -13*v + 17*v = 28. Suppose 3*i + v = b, -i - 3*b - 3 - 16 = 0. What are the prime factors of (-2639)/(-28) + (-3)/i?
5, 19
Suppose 9*j - 924 = 16*j. Let v = j - -439. List the prime factors of v.
307
Let r = 65 + -323. Let t = 10 - r. What are the prime factors of t?
2, 67
Let v(y) = y**2 + 16*y - 1179. What are the prime factors of v(-88)?
3, 191
Let a(c) = c**2 + 15*c + 65. Let y be a(-11). Suppose -y*r - 3476 = -32*r. List the prime factors of r.
2, 79
Let i(p) = -p**2 + 104*p + 12731. List the prime factors of i(0).
29, 439
Suppose 239*m - 11986026 = 6248479. What are the prime factors of m?
5, 15259
Suppose -13602 = -233*c - 1719. Suppose -7*f = -3*f - 216. Let q = c + f. What are the prime factors of q?
3, 5, 7
Suppose -19*y + 33012 = 9*y. Suppose 3*i - 5*b - 2787 = 0, i - y = -b - 258. What are the prime factors of i?
2, 3, 7, 11
List the prime factors of (2468/3)/((-3)/(-18)*(-28)/(-70)).
2, 5, 617
Let y be -21*(35/21 + -5). Let d(q) = -8*q + 1. Let r be d(-4). Let w = y - r. What are the prime factors of w?
37
Suppose h = -4*c - 578, -4*c - 313 = -3*h + 273. List the prime factors of (c - 39)*(-30)/8.
2, 3, 5, 23
List the prime factors of 12/((-2)/1) - 93364/(-34).
2, 5, 137
Suppose -213793 = 40*d - 1111393. What are the prime factors of d?
2, 3, 5, 11, 17
Suppose 